 Determine q(-7).
-6
Let w = 106 + -102. Let x(t) be the first derivative of -4 + 3/2*t**2 + w*t + 1/4*t**4 - 5/3*t**3. What is x(4)?
0
Let n(i) = i - 11. Let r be n(13). Suppose 0 = r*p - 0*p + 8. Let a(q) = q + 3. What is a(p)?
-1
Let r be 2/(-3) + (-6)/(-9). Suppose -m - 5*t = -r*m + 7, -14 = -4*m + t. Let x(a) = -1 + 3*a - a**3 + 0*a**m - 4*a - 3*a**2. Determine x(-2).
-3
Suppose 3*a + 2*t - 4 = 0, -2 = 5*t + 18. Let f be (-4)/(-1*(2 - 1)). Let i(h) = 5 + h**2 - 1 - f - 3*h - 4. Calculate i(a).
0
Let f(n) = -n**3 + 4*n**2 - 3*n + 6. Let a be f(4). Let r(h) = 3*h**2 + 3*h - 2. Let i(g) = -16*g**2 - 14*g + 11. Let j(d) = 2*i(d) + 11*r(d). Determine j(a).
6
Let x = 10 + -16. Let v(p) = p**3 + 5*p**2 - 9*p - 6. Give v(x).
12
Let x(s) = s**3 - 3*s**2 - 2*s + 6. Let i be x(3). Let w(n) = -n**2 + 3. What is w(i)?
3
Let b(i) = 9*i - 3 - 4 + 1 - i**2. Determine b(5).
14
Let a(r) = r**3 - 2*r**2 - 3*r + 4. Let g(n) = n**3 - n**2 + n + 2. Let y be g(0). Suppose 21 = y*x - 0*f - 3*f, -x = 5*f + 22. Calculate a(x).
4
Let w(n) = n**3 + n - 2. Let l(x) = -x**3 + 2*x**2 + 4*x - 3. Suppose -2 = -2*h + 4. Let y be l(h). Determine w(y).
-2
Let x(q) be the third derivative of -q**6/120 - q**5/15 - q**4/8 + q**3/6 - 5*q**2. What is x(-4)?
13
Let b be 4/((80/(-15))/4). Let u(q) = 5*q - 4. Give u(b).
-19
Let b(x) = x**3 + 13*x**2 - 30*x. Let p be b(-15). Let u be -1*1 + 0 + 3. Let d(r) = -u*r + r**2 + 3*r - 2*r - 1. Give d(p).
-1
Let t(c) = c**3 + 2*c**2 - 4*c - 1. Let l be -3 + 0 - (-8 - -8). Let z be t(l). Let f(n) = -4*n**2 - z*n**2 + 5*n + 1 + 2*n**2 + 3*n**2. Determine f(4).
5
Let r(o) = -o - 10. Let c be r(-5). Let w(k) = -k**3 - 4*k**2 + 6*k + 1. Calculate w(c).
-4
Let x(r) = 5*r**3 + 6*r**2 - 4*r - 7. Let q(z) = -6*z**3 - 7*z**2 + 5*z + 8. Let f(o) = -6*q(o) - 7*x(o). Give f(-2).
-3
Let f(d) = d**2 - 8*d - 5. Suppose 4*b + b - 35 = 0. What is f(b)?
-12
Let x(k) be the third derivative of k**4/24 - k**3/6 + k**2. Let g(o) = 2*o + 3. Suppose 0 = 4*z + 8 + 4. Let i be g(z). Give x(i).
-4
Suppose -7 = -5*b + 3. Suppose i + 4*w = -3*i + 24, 3*i - 18 = b*w. Let o be 15/i*(-2 + 0). Let l(n) = n**3 + 6*n**2 + 6*n - 4. What is l(o)?
-9
Suppose -5*w + 20 = 4*c, -2*w = 3*c - 4*w - 15. Let f(o) = -6*o**2 + o**2 - 5 + 4*o**2 - c*o. Let x be (-294)/21*4/14. Determine f(x).
-1
Let f(q) be the first derivative of -q**2/2 - q - 14. Give f(-3).
2
Let m(d) be the third derivative of d**6/120 + 3*d**5/20 + 3*d**4/8 + d**3 + 6*d**2. Determine m(-8).
-2
Let s(j) = -j**2 + j + 3. Let c = -10 + 10. Let g be (2 - (2 + c))/(-2). Suppose g = -r + 4*h + 16, -4*h - 12 = -2*r - h. What is s(r)?
3
Let k(d) = -d**2 - 4*d + 8. Suppose -3*r = 2*l - r - 52, 0 = 5*l + 3*r - 126. Suppose -18 = -3*h + 5*h + 2*o, -3*h - l = 2*o. Calculate k(h).
-4
Let g(j) = -j + 2. Suppose -15 + 7 = 4*b. What is g(b)?
4
Suppose 5*x - 10 = -0*x - 5*y, 2 = -x + y. Suppose x*b = 3*b - k + 15, 5*k = -2*b - 10. Let m(s) = s + 1. Calculate m(b).
-4
Suppose 0*x = 2*x - 8. Suppose -c - c = -x. Let g(s) = s**3 - 3*s**2 + 2*s. Calculate g(c).
0
Let m(f) = -f**3 + 11*f**2 - f + 9. Let n be m(11). Let o(q) = 3*q. Calculate o(n).
-6
Let n(f) = 2*f - 1. Let h = -64 + 63. Calculate n(h).
-3
Let o = -2 - -4. Let x(g) = -g**o - 1 + 0*g + 2*g**2 - 2*g + 5*g**2. Determine x(-1).
7
Let a(j) = -8*j**2 - 3*j + 5. Let d(x) = -7*x**2 - 3*x + 4. Let b(w) = 5*a(w) - 6*d(w). Calculate b(-2).
3
Let a(t) = -32*t**3 + 1 - 2 + 2*t**2 + 31*t**3 + 6*t. Calculate a(4).
-9
Suppose -59 = 4*h - 5*k, -3*h + 3*k - 31 - 11 = 0. Let v(q) = q**2 + 7 + 12*q - 1 + 0*q**2. Let f be v(h). Let j(o) = o**2 + 4*o - 5. Calculate j(f).
0
Let i(a) = -12 + 5*a - 9 - 4*a**2 + a**3 + 18. What is i(3)?
3
Let v(a) be the first derivative of a**4/4 + 5*a**3/3 - 3*a**2 - 6*a + 1. Let w(r) = -r**2 + 3*r - 6. Let p be w(3). Calculate v(p).
-6
Let k(y) = y - 2. Let b be k(6). Let r(z) = 2*z + 1. Let h(t) = 3*t + 2. Let m(c) = b*h(c) - 7*r(c). Let f = 4 + -6. Determine m(f).
5
Let d(v) = -3*v + 4*v + 0*v. Let x(b) = b + 3. Let f be 10/(-3) - 1/(-3). Let q be x(f). Give d(q).
0
Let w(j) = j**3 + 4*j**2 - 5*j - 3. Suppose -2*b - 32 = -3*b. Let m be 9/(-6)*b/(-6). Let v be (10/m)/((-1)/4). Calculate w(v).
-3
Let y(t) be the first derivative of 1/2*t**2 - 3/4*t**4 - t + 7 - 1/3*t**3. Suppose -k + 3 = 2. Calculate y(k).
-4
Let v(p) be the first derivative of p**3/3 - 5*p**2 - p + 52. Determine v(7).
-22
Let k(g) be the third derivative of -g**5/30 + g**4/12 + g**3/6 + 3*g**2. Calculate k(2).
-3
Let j(w) be the first derivative of -6*w**2 + 8. Let y(l) = 13*l. Let c(h) = -7*j(h) - 6*y(h). Calculate c(1).
6
Let g(w) = -w**2 - 5*w**2 - 5*w**2 - 1. Suppose -4*h - 2 = -6*h. Determine g(h).
-12
Let t(u) = 4*u**3 - 4*u**2 - 7*u + 3. Let x(f) = 9*f**3 - 8*f**2 - 14*f + 5. Suppose -i + 1 = d, -d - d = 4*i - 8. Let j(s) = i*x(s) - 7*t(s). What is j(5)?
4
Let w(p) = 3*p + 24. Let j be w(-8). Let q(f) be the second derivative of 1/6*f**3 - 6*f**2 - 3*f + j. Calculate q(5).
-7
Suppose 3*s = -4*p + 3, 4*s + 0*s + 4*p - 4 = 0. Let n = 6 - 4. Let u(a) = a**2 + 1 + a**n + 0*a**2. Give u(s).
3
Suppose -3*b = -12 + 3. Let g(a) = -5 + 10*a**3 - 2*a**b + 4. Suppose 6*q = 2*q + 4. What is g(q)?
7
Let o(w) = 2*w - 4*w + 7 + 0*w. What is o(7)?
-7
Let c(k) = k**2 + 10*k - 1. Let g be c(-9). Let j = -6 - g. Let n(a) = -a**3 + 4*a**2 - 2*a + 4. Determine n(j).
-4
Let s(b) = b**2 - 4*b + 2. Suppose 0 = 4*n - 20, -4*d + 14 = -2*n - 0. What is s(d)?
14
Suppose 3*u + 5*j = 10, 2*j - 2 = 2*u + j. Let w(s) = -2*s + 2. Let q be (1 - -2)/((-2)/2). Let o(y) = -y + 1. Let f(v) = q*w(v) + 5*o(v). Give f(u).
-1
Let r(d) be the second derivative of -4/3*d**3 + 4*d**2 + 0 + 1/12*d**4 - 5*d. Determine r(6).
-4
Let a(i) be the second derivative of -1/20*i**5 + 7*i - 2/3*i**3 + 0 + 0*i**2 + 5/12*i**4. What is a(3)?
6
Let x(a) be the first derivative of a**3/3 - 2*a**2 + 2*a - 2. What is x(5)?
7
Let q(p) = p**2 + 7*p + 4. Suppose -4*t - 5*d = 8, -2*t + 5*t = 5*d - 6. Let l(m) = -m + 2. Let j be l(0). Let g be (5*j)/(t/1). Determine q(g).
-6
Suppose 5*k - 24 = k. Let q(n) be the first derivative of -n**4/4 + 2*n**3 + 7. Determine q(k).
0
Let r = 20 - 22. Let p(k) = -k**2 - k. What is p(r)?
-2
Let g(s) = 11*s**3 - 2*s + 1. Suppose -6*u = 4*d - 2*u + 8, -5*d = -2*u - 11. Determine g(d).
10
Let r(o) = 0*o - 1 + 2 - 2*o. Let z(y) = -3*y**2 + 6*y - 1. Let s(k) = 2*k**2 - 5*k. Let p(f) = 4*s(f) + 3*z(f). Let x be p(-2). Calculate r(x).
7
Let q be (9/6)/((8/2)/(-8)). Let t(b) = 0 - 3*b - 3 + b. Determine t(q).
3
Let p(z) be the second derivative of z**4/12 - 5*z**3/6 + z**2/2 + 8*z. Determine p(5).
1
Let b(j) = -j + 2. Suppose 20 = 4*x - 2*g, x + 22 = 5*x - g. Let s be (0 + -1)*(-1 + 0). Let c = s - x. Determine b(c).
7
Let n = 4 + -8. Let o be (-4 - n) + 1 + -2. Let c(m) = 12*m**2 - 2*m - 4. Let v(l) = 11*l**2 - 2*l - 3. Let k(j) = 2*c(j) - 3*v(j). Calculate k(o).
-10
Let a = 120 - 114. Let r(u) = u**3 - 6*u**2 + 2*u - 1. Determine r(a).
11
Let v(o) be the third derivative of 1/24*o**4 + 0 - o**2 - 5/3*o**3 + 0*o. Give v(6).
-4
Let b(x) be the second derivative of -x**5/60 - x**4/6 + 3*x**2/2 - x. Let m(f) be the first derivative of b(f). Give m(-2).
4
Let l(u) = 6*u + 2. Let g(o) = 3*o + 1. Let h(r) = -5*g(r) + 2*l(r). Give h(-2).
5
Let x(f) = -f**3 + 14*f**2 - f + 20. Let g be x(14). Let r(c) = -c + 7. What is r(g)?
1
Let v(l) be the first derivative of -l**3/3 + 5*l**2/2 - 3*l - 12. Calculate v(6).
-9
Let h(t) = t - 7. Let j(w) = -2*w + 8. Let a(o) = -4*h(o) - 3*j(o). Determine a(3).
10
Let p(w) = -w + 4. Let h be p(0). Let k(t) = t**2 - 4*t + 5. What is k(h)?
5
Let g(u) = -u**2 - 4*u - 2. Let x = -120 + 114. Calculate g(x).
-14
Let d(f) = f - 13. Let j be d(10). Let x = 1 + j. Let z(r) = 3 - 2*r - 2 + 1. What is z(x)?
6
Let x(w) = w**2 + 2*w + 1. Let t(m) = -3*m**2 - 6*m - 2. Let k(u) = -3*t(u) - 8*x(u). Give k(2).
6
Let k(j) be the third derivative of 0*j + 1/3*j**3 - 1/120*j**6 + 0 + j**2 - 1/8*j**4 + 1/20*j**5. What is k(3)?
-7
Let u(b) = b**3 + 5*b**2 + 4*b - 5. Suppose 2*x = -0*x + 4. Suppose 0*w - x*w + 20 = 3*p, -5*w + 4*p + 50 = 0. Let y be 5/(w/(-4)) + -2. Calculate u(y).
-5
Suppose 7*s - 2*s = 10. Let b(p) = -p**2 - 3*p + 3. What is b(s)?
-7
Let y(i) = i - 15. Let o be (-6)/4*(-10)/(-3). Let w(f) = f - 14. 